highest common divisor of 154 and f?
14
Suppose c = 4*y + 19, -5*c - 2*y = 2*y - 71. Calculate the highest common divisor of c and 105.
15
Suppose -2*n + 44 = 5*i, -2*n = -4*n + 5*i + 4. Let m = -130 - -190. Calculate the highest common divisor of n and m.
12
Let i be (-4)/20 - (-106)/5. Suppose 5*p = o - 21, 3*p + 84 = 4*o + p. Calculate the highest common divisor of i and o.
21
Let b(y) be the second derivative of -10/3*y**3 - 2*y - 5/2*y**2 + 0. Let z be b(-7). Calculate the greatest common divisor of z and 15.
15
Suppose 2*v = 5*o - 2*o + 159, -4*v = 5*o - 263. Calculate the highest common factor of v and 12.
12
Suppose 4*n = -3*p + 59, 0*n + 86 = 4*p - 2*n. Let v be (-80)/(-45) - 2/(-9). Suppose -v*c + p = -15. What is the greatest common divisor of c and 6?
6
Let t = -27 + 39. Suppose -g + 3 + 0 = 0. Calculate the greatest common factor of g and t.
3
Suppose 4*d - 5*o = 140, -2*d - 3*o + 70 = -4*o. What is the greatest common factor of d and 105?
35
Let u be (-1)/(-2) - -13*(-3)/(-2). What is the greatest common factor of 30 and u?
10
Let g be ((-5)/2)/(9/(-126)). What is the highest common factor of g and 35?
35
Let q(k) = -9*k**3 - 2. Let b be q(-2). Let y = b + -134. Let v = y + 109. Calculate the greatest common factor of v and 18.
9
Suppose -23 = -o - 4*d, -3*o + 48 = 3*d - 12. What is the highest common factor of 76 and o?
19
Let g be (-14*1)/((-8)/48). What is the highest common divisor of 12 and g?
12
Suppose 0 = -0*n - n + 12. Suppose 199 = -4*y - 5*m, -3*y + 3*m - 99 - 30 = 0. Let i = y - -94. What is the highest common factor of i and n?
12
Suppose -72 = -3*r - 9. What is the highest common divisor of 14 and r?
7
Suppose -2*y - 10 = 6. Let p = -12 + 3. Let s = y - p. What is the greatest common factor of 7 and s?
1
Suppose -6 - 9 = 3*i. Let h = 8 - i. Calculate the greatest common divisor of h and 104.
13
Let c = -149 - -429. Let p be (-1 - -2)/((-1)/(-42)). Suppose -3*t - 4*z = -206, p = 5*t - 4*z - c. What is the greatest common divisor of t and 6?
6
Suppose 2*r - 3*r = 3*q - 23, 2 = 2*r - 5*q. Suppose 5*o = -6 + 61. What is the greatest common factor of r and o?
11
Suppose -4*a + 12 = 0, -5*f + 2*a - 4*a = -71. Suppose z - 1 - f = 0. Calculate the greatest common divisor of 14 and z.
14
Let i be (-218)/(-8) + (-2)/8. Suppose -s = q - 3 - 6, 3*s + 5*q - i = 0. Calculate the greatest common factor of 9 and s.
9
Let w be -4*2*(-102)/8. Suppose -w = -x - h, 2*h - 99 = 4*x - 483. Let c = 17 - 3. Calculate the highest common divisor of x and c.
14
Let m be (-2)/(-2 - 11/(-6)). Let o(w) = -w**3 + 11*w**2 - 14*w - 12. Let r be o(9). What is the highest common divisor of r and m?
12
Suppose -3*g - 64 + 295 = 0. Suppose -4*b - 23*b = -189. Calculate the highest common factor of b and g.
7
Suppose 0 = -u - 4*u + 3*w + 930, -u - 5*w + 214 = 0. Calculate the greatest common divisor of u and 21.
21
Let m(z) = z**3 - 19*z**2 + 3*z - 33. Let d be m(19). Suppose -n = 4*n - 180. Calculate the greatest common divisor of n and d.
12
Let z = 3 - 3. Let r be 22 + (-3 - (z + -1)). Let t be (-80)/6*(-42)/4. Calculate the highest common divisor of r and t.
20
Suppose 2*v + 2*v = 56. Let q = v + -10. Let y be 64/(-3)*15/(-10). Calculate the highest common divisor of y and q.
4
Let t(q) = -q**2 + 7*q + 19. Let p be t(6). Calculate the greatest common factor of p and 5.
5
Suppose 0 = 5*s - 3*s - 606. Suppose s = 3*c + n + 64, 5 = -5*n. What is the greatest common factor of 16 and c?
16
Let p = 20 + -6. Suppose -2*o = z - 284, 0*z + 8 = -4*z. Suppose -v = -11 - o. Calculate the greatest common factor of p and v.
14
Let f = -5 + 5. Suppose f*x - 96 = -4*x. Calculate the greatest common divisor of x and 3.
3
Let d = -15 - -41. Suppose 2*n = -5*g + 73, -2*g + 3*g - 5*n = -7. Calculate the highest common divisor of g and d.
13
Let h = -4 - -24. Let j(d) = d**2 + 2*d + 4. Let a be j(-2). Calculate the greatest common divisor of h and a.
4
Suppose -2*n - 2*n + 8 = 0. Suppose 0 = 2*t + 5*o - o - 16, -32 = -4*t + o. What is the highest common factor of n and t?
2
Let k = 14 - 8. Calculate the highest common factor of k and 48.
6
Suppose 3*h = 12*h - 504. Calculate the greatest common divisor of 8 and h.
8
Let y(p) = 163*p - 1. Let z be y(-1). Let u = z - -34. Let r = u + 317. Calculate the highest common factor of 17 and r.
17
Let d = -2 - -4. Let v(k) = 5*k + k + 3*k - 2*k + d*k**2 + 7. Let t be v(-7). Calculate the greatest common divisor of t and 14.
14
Let x be (-2)/(-10) - (-132)/15. Let q be 6/x + 26/6. What is the greatest common divisor of 45 and q?
5
Let m = -80 - -86. What is the greatest common factor of m and 6?
6
Let g be -3 + (0 - (-13 - 0)). Let l = 7 - 5. Suppose 10 = -x + l*x. What is the greatest common divisor of x and g?
10
Let c = -13 - -28. Let j(h) be the third derivative of h**5/30 + h**3/6 - 2*h**2. Let n be j(1). Calculate the highest common divisor of c and n.
3
Suppose 0*h - 2*h + 2 = 0. Let q(t) = -2 + 0 - h + 3*t - 2*t. Let c be q(8). What is the greatest common divisor of 10 and c?
5
Let l(y) = y**2 - 4*y - 4. Let w be l(6). What is the highest common divisor of w and 12?
4
Suppose 5*u = -2*d - 114, 0 = -5*u + 3*u - 8. Let t = 31 + d. Let x = 6 - t. Calculate the greatest common divisor of x and 11.
11
Let o(n) = n + 31. Let k be o(-28). Calculate the highest common divisor of 4 and k.
1
Let v(o) = 4*o**2 + o - 1. Suppose -g - 1 = -2*g. Let w be v(g). What is the highest common factor of w and 44?
4
Suppose 2*s + 23 = 5*g + 8, 3*g - 3*s = 0. Calculate the highest common divisor of g and 45.
5
Suppose 53*v + 448 = 57*v. Let h = -12 + 40. What is the greatest common divisor of v and h?
28
Suppose 3*v - 4*b - 83 = 0, -3*b = -13 + 19. What is the highest common divisor of v and 200?
25
Suppose 0 = 5*h - 8*h - 6. Let f = 3 - h. What is the greatest common factor of 35 and f?
5
Let m(g) be the first derivative of -g**2/2 + 50*g + 4. Let t = 0 + 0. Let f be m(t). What is the highest common factor of 10 and f?
10
Let c(i) = i**2 - 4*i + 19. Let h be c(-17). Calculate the highest common factor of h and 47.
47
Let v = -53 - -74. Let r be 9/2*142/3. Suppose 2*x + v - r = 0. What is the highest common factor of x and 12?
12
Suppose 2*t - 3 = -11. Let u be (-3 - -4) + (0 - t). Calculate the highest common factor of u and 25.
5
Suppose -14 = -2*b - 4*s + 42, 5*b - 3*s = 114. What is the greatest common factor of b and 8?
8
Let z(g) = -g**2 - 7*g + 4. Let c be z(-7). Suppose 0 = 4*x + c*p - 492, -4*x + 2*p + p + 513 = 0. What is the greatest common factor of 14 and x?
14
Suppose 0*p + 5*p - 15 = 0. Suppose -4*m = -m + 2*t - 12, -39 = -5*m + p*t. Let o = 36 + -6. What is the greatest common factor of o and m?
6
Let f = 57 + -13. Let t = 15 - 24. Let h = 13 + t. What is the highest common factor of h and f?
4
Suppose p = -4*t + 6, -3*p - 3 = 3. Suppose 3*q - 5*l = 86, -2*q + 76 = t*q + 3*l. What is the greatest common factor of q and 2?
2
Let k be 1/(-4) - (-18)/8. Suppose -4*r + 3*m = -41, 0 = -r - m + 19. Calculate the greatest common divisor of k and r.
2
Let a(d) = -d**3 + 14*d**2 - 32*d - 3. Let n be a(10). Calculate the highest common factor of 7 and n.
7
Suppose -p = -4*u - 85, -2*p = p - 2*u - 305. Suppose 3*b + i + 4*i = -29, -2*b + 14 = -5*i. Let x = 18 + b. What is the greatest common factor of p and x?
15
Let j be (8 - 5) + (28 - (1 + 0)). Calculate the highest common factor of j and 75.
15
Suppose -g - g = 10, 5 = 4*l + 3*g. Let w be l*(2 - (-132)/(-15)). Let o = -20 - w. What is the greatest common divisor of o and 7?
7
Suppose -2*s + 7 + 3 = 0. What is the greatest common divisor of s and 20?
5
Let i be (1 + 3/(-2))*0. Suppose 4*k + i*k = 440. Let m = 3 + 7. Calculate the greatest common divisor of k and m.
10
Let r = 5 - 9. Let b be (-3)/6 - 1014/r. What is the greatest common divisor of b and 23?
23
Suppose 13 = 3*d + 4, 4*d = 2*v + 10. What is the greatest common factor of 8 and v?
1
Let f(i) = -4*i - 17. Let q be f(-7). What is the greatest common factor of 1 and q?
1
Let m(h) = -h**2 + 17*h + 17. Let o be m(17). Calculate the greatest common divisor of 51 and o.
17
Suppose -22 = -3*u - f, -4*f + 46 = 3*u + 2*u. Suppose 112 = u*v - 4*v. Let b be 126/(-1 - 10/(-4)). What is the highest common factor of v and b?
28
Suppose 3